0?
True
Does 49 divide 37534?
True
Is 25 a factor of 736475?
True
Does 672 divide 535288?
False
Does 410 divide 297199?
False
Is 6400060 a multiple of 22?
False
Does 34 divide 3149924?
False
Is 4447424 a multiple of 16?
True
Is 123 a factor of 212963?
False
Is 8 a factor of 310240?
True
Does 23 divide 32683?
True
Does 13 divide 204347?
True
Is 2624412 a multiple of 6?
True
Is 5673954 a multiple of 221?
True
Is 354948 a multiple of 68?
False
Is 230135 a multiple of 87?
False
Is 25 a factor of 59875?
True
Does 8 divide 49089?
False
Does 13 divide 45812?
True
Is 6 a factor of 38484?
True
Is 4 a factor of 3008025?
False
Does 456 divide 1049599?
False
Does 30 divide 21203850?
True
Is 1840927 a multiple of 101?
True
Is 106307 a multiple of 13?
False
Does 3 divide 21025?
False
Is 216 a factor of 600220?
False
Is 4237992 a multiple of 18?
True
Is 2752 a multiple of 21?
False
Does 525 divide 3339568?
False
Does 17 divide 30789465?
True
Does 3 divide 33096?
True
Is 272 a factor of 155584?
True
Is 7295 a multiple of 5?
True
Is 62 a factor of 23532909?
False
Does 261 divide 398547?
True
Does 387 divide 2798069?
False
Is 26 a factor of 127248?
False
Is 4155196 a multiple of 382?
False
Is 119 a factor of 3020169?
False
Is 16 a factor of 76944?
True
Is 993410 a multiple of 10?
True
Is 3446834 a multiple of 21?
False
Does 229 divide 40533?
True
Does 13 divide 4534010?
True
Is 89 a factor of 1342387?
True
Is 12202 a multiple of 48?
False
Does 30 divide 144714?
False
Does 119 divide 372690?
False
Does 1118 divide 3598842?
True
Is 690 a factor of 10137625?
False
Is 17862 a multiple of 47?
False
Does 5 divide 436782?
False
Is 24 a factor of 817440?
True
Does 61 divide 102408?
False
Is 18 a factor of 315315?
False
Is 47 a factor of 2209?
True
Is 166 a factor of 1314743?
False
Is 2608560 a multiple of 48?
True
Is 721851 a multiple of 9?
False
Is 16 a factor of 23040?
True
Is 4953056 a multiple of 257?
False
Is 264 a factor of 107448?
True
Is 767 a factor of 3805854?
True
Does 73 divide 107967?
True
Does 356 divide 7508256?
False
Is 4 a factor of 1602994?
False
Is 880396 a multiple of 43?
False
Is 8 a factor of 13648?
True
Does 7 divide 117378?
False
Is 1529864 a multiple of 55?
False
Is 230256 a multiple of 234?
True
Is 34 a factor of 2271030?
True
Is 99 a factor of 139194?
True
Is 35 a factor of 1811646?
False
Is 421007 a multiple of 40?
False
Is 608 a factor of 309033?
False
Does 3 divide 1361283?
True
Is 7964699 a multiple of 2320?
False
Does 6 divide 59346?
True
Does 7 divide 2083205?
False
Does 279 divide 443052?
True
Does 3 divide 316248?
True
Is 9 a factor of 1854?
True
Is 4 a factor of 748880?
True
Is 303683 a multiple of 58?
False
Does 1749 divide 10380136?
False
Is 2 a factor of 150081?
False
Is 12 a factor of 115311?
False
Is 730125 a multiple of 113?
False
Is 5135276 a multiple of 830?
False
Is 365362 a multiple of 154?
False
Does 133 divide 92568?
True
Is 205 a factor of 9231150?
True
Is 948300 a multiple of 75?
True
Is 597548 a multiple of 206?
False
Is 254581 a multiple of 19?
True
Does 66 divide 468936?
False
Is 73 a factor of 8614?
True
Is 3700336 a multiple of 16?
True
Is 13 a factor of 9342?
False
Is 756990 a multiple of 132?
False
Is 16 a factor of 84764?
False
Is 626 a factor of 5216878?
False
Is 72 a factor of 2414549?
False
Does 460 divide 732261?
False
Does 157 divide 426774?
False
Does 610 divide 1395315?
False
Does 150 divide 12684750?
True
Is 92 a factor of 193563?
False
Does 32 divide 2586208?
True
Does 354 divide 937569?
False
Does 72 divide 34621?
False
Does 97 divide 2613277?
True
Is 6105103 a multiple of 252?
False
Is 71696 a multiple of 223?
False
Is 8571222 a multiple of 66?
True
Is 8 a factor of 5419416?
True
Is 427518 a multiple of 54?
True
Is 92235 a multiple of 43?
True
Is 13834310 a multiple of 14?
True
Is 660 a factor of 2108040?
True
Is 38 a factor of 19391?
False
Is 95 a factor of 3298020?
True
Is 61 a factor of 172935?
True
Is 4292842 a multiple of 511?
False
Is 22 a factor of 212314?
False
Is 18 a factor of 210572?
False
Is 182712 a multiple of 92?
True
Is 17825 a multiple of 23?
True
Is 151533 a multiple of 9?
True
Is 70494 a multiple of 93?
True
Does 160 divide 17871040?
True
Does 11 divide 279899?
False
Is 289 a factor of 8421663?
False
Does 95 divide 590140?
True
Does 40 divide 2760?
True
Is 11 a factor of 7876?
True
Is 1139710 a multiple of 7?
False
Is 106 a factor of 7844?
True
Is 102 a factor of 11379602?
False
Is 1161904 a multiple of 808?
True
Is 11726191 a multiple of 853?
True
Does 246 divide 171216?
True
Does 6 divide 90835?
False
Is 562588 a multiple of 4?
True
Does 222 divide 20741016?
True
Is 1325 a factor of 12535825?
True
Is 23 a factor of 713301?
False
Is 3 a factor of 489808?
False
Does 46 divide 3931942?
True
Is 13 a factor of 18701?
False
Is 425640 a multiple of 339?
False
Is 4305620 a multiple of 9?
False
Is 2430891 a multiple of 637?
False
Does 145 divide 349543?
False
Is 232 a factor of 13991688?
True
Does 133 divide 149492?
True
Does 21 divide 2741409?
False
Is 7 a factor of 1172871?
True
Is 14 a factor of 26236?
True
Is 109355 a multiple of 139?
False
Does 4 divide 724232?
True
Is 9 a factor of 2432766?
False
Is 293 a factor of 5754813?
True
Is 80 a factor of 31003?
False
Is 48 a factor of 1030896?
True
Is 28 a factor of 218022?
False
Does 7 divide 506740?
False
Is 10549104 a multiple of 258?
True
Is 35 a factor of 3195290?
True
Does 335 divide 594344?
False
Does 3 divide 55529?
False
Is 3144900 a multiple of 25?
True
Does 48 divide 2541587?
False
Is 1505961 a multiple of 405?
False
Is 8057088 a multiple of 104?
True
Does 5 divide 86818?
False
Does 13 divide 573664?
True
Is 176401 a multiple of 11?
False
Does 121 divide 9567228?
True
Is 59 a factor of 881755?
True
Is 95336 a multiple of 68?
True
Does 15 divide 7813?
False
Does 9 divide 5124689?
False
Is 73 a factor of 4357860?
False
Is 2436333 a multiple of 807?
True
Does 39 divide 374921?
False
Does 49 divide 294294?
True
Is 2295184 a multiple of 37?
True
Does 409 divide 2408601?
True
Is 2 a factor of 70294?
True
Is 1246618 a multiple of 142?
True
Is 1829023 a multiple of 7?
True
Does 60 divide 25980?
True
Does 89 divide 3090169?
True
Does 151 divide 84834?
False
Is 243 a factor of 2230254?
True
Is 49 a factor of 4702873?
True
Is 808520 a multiple of 69?
False
Does 2 divide 99514?
True
Does 12 divide 2724?
True
Does 14 divide 239162?
True
Is 382 a factor of 9896162?
False
Is 166621 a multiple of 68?
False
Does 20 divide 805?
False
Is 177005 a multiple of 8?
False
Does 1573 divide 3158864?
False
Is 234632 a multiple of 139?
True
Is 74 a factor of 63123?
False
Is 1614588 a multiple of 857?
True
Is 32 a factor of 46980?
False
Does 32 divide 588544?
True
Is 380015 a multiple of 24?
False
Is 7187128 a multiple of 6?
False
Does 12 divide 519504?
True
Is 66766 a multiple of 133?
True
Is 7802627 a multiple of 480?
False
Does 171 divide 199215?
True
Is 751941 a multiple of 87?
True
Does 24 divide 84744?
True
Does 312 divide 1075776?
True
Is 119 a factor of 27662?
False
Does 516 divide 133424?
False
Is 264898 a multiple of 38?
True
Is 352836 a multiple of 33?
True
Does 19 divide 7870864?
True
Is 266561 a multiple of 21?
False
Does 818 divide 4038531?
False
Does 14 divide 818244?
True
Does 117 divide 4774068?
True
Is 214955 a multiple of 7?
False
Does 168 divide 1208288?
False
Does 504 divide 888552?
True
Is 206 a factor of 858026?
False
Is 10621 a multiple of 46?
False
Is 23 a factor of 4142953?
False
Is 2332725 a multiple of 75?
True
Is 877500 a multiple of 50?
True
Does 594 divide 1290590?
False
Is 3777730 a multiple of 22?
True
Does 28 divide 867048?
True
Is 669 a factor of 1527327?
True
Is 27 a factor of 4173429?
False
Is 23058 a multiple of 61?
True
Is 1013336 a multiple of 136?
True
Is 36 a factor of 1535022?
False
Is 434 a factor of 1209124?
True
Does 7 divide 2905201?
False
Is 410 a factor of 797860?
True
Is 412090 a multiple of 203?
True
Is 28236 a multiple of 39?
True
Is 19 a factor of 439922?
False
Is 2141586 a multiple of 200?
False
Does 13 divide 11245?
True
Does 2 divide 2699252?
True
Is 767774 a multiple of 14?
True
Is 3 a factor of 28221?
True
Does 13 divide 9954461?
False
Is 282 a factor of 3789159?
False
Is 63 a factor of 861847?
Fa